 1267022263?
2
What is the thousands digit of 26700074?
0
What is the ten thousands digit of 537449309?
4
What is the hundred thousands digit of 5705557?
7
What is the hundred millions digit of 777452733?
7
What is the thousands digit of 5863787324?
7
What is the tens digit of 91853859?
5
What is the billions digit of 1477987535?
1
What is the tens digit of 77936371?
7
What is the hundreds digit of 16522270?
2
What is the ten millions digit of 559922842?
5
What is the millions digit of 677167735?
7
What is the millions digit of 734026377?
4
What is the millions digit of 132874695?
2
What is the hundreds digit of 1071748449?
4
What is the ten millions digit of 14415553?
1
What is the hundred thousands digit of 41220814?
2
What is the ten millions digit of 1810013645?
1
What is the thousands digit of 342962592?
2
What is the ten millions digit of 56830833?
5
What is the millions digit of 521765370?
1
What is the millions digit of 238404108?
8
What is the hundreds digit of 1274261613?
6
What is the hundred thousands digit of 1599230105?
2
What is the millions digit of 31638959?
1
What is the tens digit of 78955992?
9
What is the millions digit of 657446202?
7
What is the hundreds digit of 537948542?
5
What is the tens digit of 136545822?
2
What is the hundred thousands digit of 5436622301?
6
What is the thousands digit of 39854877?
4
What is the hundred thousands digit of 192030672?
0
What is the ten millions digit of 488791546?
8
What is the millions digit of 3434978?
3
What is the units digit of 391099886?
6
What is the units digit of 187717901?
1
What is the hundred thousands digit of 25754039?
7
What is the ten millions digit of 80094892?
8
What is the hundreds digit of 2352253207?
2
What is the thousands digit of 33867086?
7
What is the hundreds digit of 209115756?
7
What is the units digit of 132391766?
6
What is the thousands digit of 5941676?
1
What is the thousands digit of 11823551?
3
What is the hundred millions digit of 2701841437?
7
What is the ten thousands digit of 4566201882?
0
What is the thousands digit of 35516904?
6
What is the hundred millions digit of 278415980?
2
What is the tens digit of 21556659?
5
What is the ten millions digit of 284004892?
8
What is the ten millions digit of 109123088?
0
What is the hundreds digit of 3593788?
7
What is the millions digit of 179110252?
9
What is the millions digit of 121003590?
1
What is the hundred thousands digit of 251137228?
1
What is the ten thousands digit of 3253266263?
6
What is the units digit of 91548744?
4
What is the tens digit of 6626801?
0
What is the ten thousands digit of 356640425?
4
What is the hundred thousands digit of 61759316?
7
What is the millions digit of 66955001?
6
What is the ten thousands digit of 710124884?
2
What is the hundred millions digit of 2227138451?
2
What is the ten thousands digit of 2828321319?
2
What is the hundreds digit of 224425028?
0
What is the ten thousands digit of 60061925?
6
What is the ten thousands digit of 30515294?
1
What is the tens digit of 14953917?
1
What is the tens digit of 956783925?
2
What is the ten millions digit of 65870303?
6
What is the hundreds digit of 63923317?
3
What is the tens digit of 66498978?
7
What is the units digit of 553649223?
3
What is the thousands digit of 565231901?
1
What is the tens digit of 351691778?
7
What is the millions digit of 6775415276?
5
What is the ten thousands digit of 101446326?
4
What is the millions digit of 48955341?
8
What is the millions digit of 283170886?
3
What is the ten millions digit of 50072557?
5
What is the ten thousands digit of 1462792257?
9
What is the hundred thousands digit of 2047103411?
1
What is the ten millions digit of 71992401?
7
What is the thousands digit of 66516364?
6
What is the tens digit of 294542877?
7
What is the millions digit of 1293015291?
3
What is the hundreds digit of 298775660?
6
What is the units digit of 1790775123?
3
What is the ten millions digit of 380152881?
8
What is the hundred millions digit of 295818250?
2
What is the tens digit of 49127185?
8
What is the tens digit of 95532460?
6
What is the ten thousands digit of 97301361?
0
What is the tens digit of 495493378?
7
What is the ten millions digit of 673637668?
7
What is the millions digit of 4791453778?
1
What is the hundreds digit of 1130054966?
9
What is the thousands digit of 12331724?
1
What is the millions digit of 420164412?
0
What is the hundreds digit of 4187118503?
5
What is the units digit of 1307358636?
6
What is the hundred millions digit of 253555955?
2
What is the thousands digit of 554032270?
2
What is the hundred millions digit of 527663502?
5
What is the hundred thousands digit of 70995648?
9
What is the ten millions digit of 190803578?
9
What is the millions digit of 20297564?
0
What is the ten thousands digit of 515188692?
8
What is the millions digit of 17735154?
7
What is the hundred millions digit of 1022661421?
0
What is the millions digit of 64485530?
4
What is the tens digit of 114783927?
2
What is the units digit of 24144097?
7
What is the billions digit of 3399362948?
3
What is the units digit of 211324881?
1
What is the hundred thousands digit of 144604822?
6
What is the ten thousands digit of 927606167?
0
What is the hundreds digit of 1252041409?
4
What is the millions digit of 18483030?
8
What is the ten thousands digit of 1944350516?
5
What is the hundreds digit of 776935107?
1
What is the hundred millions digit of 1420732005?
4
What is the units digit of 2451909388?
8
What is the ten thousands digit of 78382925?
8
What is the millions digit of 31924025?
1
What is the hundred millions digit of 1335287498?
3
What is the hundred thousands digit of 1564898048?
8
What is the hundred thousands digit of 915224910?
2
What is the millions digit of 3249078556?
9
What is the millions digit of 30874968?
0
What is the units digit of 47037246?
6
What is the millions digit of 318538186?
8
What is the ten thousands digit of 151208849?
0
What is the units digit of 14806427?
7
What is the units digit of 67370686?
6
What is the tens digit of 736453035?
3
What is the hundred thousands digit of 4283555534?
5
What is the tens digit of 28816723?
2
What is the thousands digit of 86579346?
9
What is the units digit of 736430712?
2
What is the millions digit of 1304308953?
4
What is the tens digit of 485196078?
7
What is the hundreds digit of 931085299?
2
What is the thousands digit of 92632134?
2
What is the ten thousands digit of 2168731013?
3
What is the hundred thousands digit of 737374139?
3
What is the millions digit of 15438095?
5
What is the hundreds digit of 3357910042?
0
What is the ten millions digit of 314455733?
1
What is the hundred millions digit of 2806821425?
8
What is the ten thousands digit of 126796278?
9
What is the units digit of 98143596?
6
What is the millions digit of 153682171?
3
What is the millions digit of 107328580?
7
What is the hundred thousands digit of 240653032?
6
What is the thousands digit of 2319136246?
6
What is the tens digit of 8088181165?
6
What is the hundred millions digit of 228267875?
2
What is the thousands digit of 948519767?
9
What is the thousands digit of 4388829487?
9
What is the thousands digit of 1196871637?
1
What is the millions digit of 462649125?
2
What is the tens digit of 345534235?
3
What is the hundred thousands digit of 2105158247?
1
What is the thousands digit of 469507014?
7
What is the thousands digit of 5715753198?
3
What is the ten millions digit of 172954116?
7
What is the ten thousands digit of 84310181?
1
What is the ten millions digit of 2945991116?
4
What is the millions digit of 149977954?
9
What is the ten millions digit of 322597077?
2
What is the ten millions digit of 735500584?
3
What is the tens digit of 19159160?
6
What is the ten thousands digit of 165281904?
8
What is the thousands digit of 581152187?
2
What is the hundred millions digit of 471299195?
4
What is the thousands digit of 3167151432?
1
What is the thousands digit of 1804118435?
8
What is the hundred thousands digit of 159565672?
5
What is the ten millions digit of 118911582?
1
What is the units digit of 98022720?
0
What is the ten thousands digit of 4250292?
5
What is the millions digit of 2985642945?
5
What is the thousands digit of